luate 2 - (-4 - -4) - 12 - -3.
-7
Calculate -5 + (15 - 5) + -5.
0
What is -9 + (4 - -2) - 3?
-6
(-2 - (-3 - -3)) + -1 + -3
-6
Calculate -6 + -2 + -1 + 12.
3
-5 + (0 - -6) + -2 + 4
3
Calculate 9 + 2 + 0 - (-58 + 62).
7
What is the value of 6 - (6 - (-8 + 2))?
-6
(-8 - -8) + 7 - 11
-4
What is the value of (1 - (-2 - -1)) + 2 + 0?
4
Evaluate -2 + 6 - 1 - (-6 - -8).
1
What is the value of 4 - (1 + (-2 - (2 - 4)))?
3
Calculate -5 + 6 - (-7 - -5).
3
Calculate -4 + 8 + -8 - -3.
-1
What is the value of ((-4 - -2) + 0 - 0) + 6?
4
-1 + -4 + (-13 + 16 - 2)
-4
1 + 1 + -2 + -5
-5
What is the value of 1 + (1 - 2 - (7 - 1))?
-6
Evaluate -1 + (-1 - 0) + 2.
0
What is -1 + 1 - (23 + -27) - 2?
2
Evaluate 1 + 5 - (-55 - -55).
6
Evaluate -3 + 0 - -5 - 5.
-3
-1 + (0 - -1) - (51 + -45)
-6
What is -28 + 14 - -17 - (1 - 4)?
6
Calculate 7 + 1 - (-88 - -98).
-2
Evaluate (4 - 3) + 5 + -5.
1
What is the value of 8 - 3 - (-6 - (-13 + 3))?
1
What is the value of 7 + (1 - (-2 + 7))?
3
Calculate -11 + 6 + (13 - 9).
-1
What is (8 + -5 - (-1 + 1)) + 2?
5
What is 1 + -3 + 6 + -3?
1
What is the value of 2 - (6 + (-1 - 1))?
-2
Calculate -1 + 8 - (5 - 6) - 6.
2
(-4 - (0 + 1)) + (15 - 16)
-6
Calculate -1 - (7 + -1 + -4).
-3
0 + 0 + 2 + 0 + -2
0
What is 5 - ((1 - -2) + -4) - 11?
-5
Calculate -4 + (-1 - 0 - -2) - 0.
-3
Evaluate -7 + 3 + (2 - 3) - -1.
-4
Calculate -9 + (-5 - -19) - (5 - 1).
1
Calculate -10 + (4 - (-7 + 3 - -2)).
-4
What is ((-4 - 0) + 4 - -6) + -4?
2
What is 72 + -63 + (-8 - 0)?
1
Evaluate 4 - ((4 - (1 + 4)) + 1).
4
-6 + 4 + -1 + 1
-2
What is the value of (8 - (2 - -1)) + (17 - 26)?
-4
What is 5 - (-9 + 4 - -3)?
7
Evaluate 0 + 1 + -10 + 13.
4
Evaluate 3 - -5 - (-9 + 8).
9
What is the value of 3 - (-1 - (-3 - 10 - -4))?
-5
What is -5 + (8 - 0) + -1?
2
6 + (21 - 6) + -15
6
Evaluate (11 - -1) + -13 + 0 + 5.
4
What is the value of (-4 - -4) + 2 + -20 + 16?
-2
Evaluate 0 + (-15 + -1 - -10).
-6
Calculate 4 + -5 + 7 + -1 + -7.
-2
10 - (16 - 12 - (0 - 3))
3
Evaluate 2 - (6 + -4) - (1 - -2).
-3
What is the value of (7 - (-2 - -4)) + -2?
3
5 - (0 - (0 - 6) - 7)
6
Evaluate -4 + (0 + -1 + 3 - 3).
-5
Evaluate 16 - 16 - (4 + 1).
-5
Evaluate -1 + 2 - (-30 - -23).
8
What is -10 - ((4 - 6) + -3) - -4?
-1
Evaluate 1 - (1 - (-3 + (3 - 2))).
-2
Calculate (-6 + 2 - 1) + 5.
0
What is 4 + (-4 - (-2 + 6))?
-4
What is (-5 - 0) + (-1 - (0 + 0))?
-6
Calculate -2 + 2 - (-3 + (0 - -4)).
-1
What is 1 + (0 - (-1 - -8)) + -5?
-11
What is -1 + (1 + 6 - (2 - -2))?
2
Calculate 2 - (-12 - -5) - (5 + 0).
4
Calculate (-94 - -98) + (-1 - -7).
10
3 - (1 - 3) - (3 + -3)
5
(-1 - -2) + 1 + 0
2
(-3 - 0) + (-3 - -14 - 14)
-6
What is 7 + -3 - (3 - -5)?
-4
What is the value of -4 - ((-6 - -2) + 2)?
-2
Calculate -2 + (4 - 1) + -5.
-4
Evaluate -6 + (1 + 6 + 7 - 0).
8
(-2 - 1 - -3) + (1 - -3)
4
(-4 - (-9 - 0)) + -2
3
What is -4 + (-1 + -1 - -10)?
4
(0 - -2) + -3 - -2
1
What is -2 - (2 + 0 - 1) - -4?
1
66 + -54 + (-15 - -3)
0
Evaluate -4 + (3 + -3 - 1).
-5
Evaluate -4 - -2 - (-9 + 9).
-2
0 + (2 - 5 - -2)
-1
0 + -6 + (6 - (-1 + 5))
-4
-2 + (-5 - -8) + 3 - -2
6
(-5 - (-3 + 2)) + (-2 - -3)
-3
4 + (3 - 3) + (-3 - -3)
4
Calculate -2 - (1 - (11 + -11)).
-3
What is (-1 - (2 + -3)) + 6 - 0?
6
Calculate -7 + 1 + -27 + 12 + 12.
-9
What is the value of 9 - (-6 - -10) - 3?
2
What is the value of -4 + (0 - -4 - (-6 + 10))?
-4
Calculate -4 - (-1 + 2 - (-5 - -6)).
-4
What is 2 + -3 - ((-8 - -9) + 3)?
-5
What is 31 + -28 - (1 + 3)?
-1
What is (0 - 10) + (-1 - -11)?
0
Calculate 5 + -1 + (-4 - 2 - -4).
2
Calculate -5 + -3 + (-2 - -7).
-3
3 - ((9 - 6) + -3)
3
What is the value of (0 - -2) + -25 + 14 + 3?
-6
-3 + (1 - 1) - -3
0
Calculate 1 + -6 + 12 + -2 + 0.
5
What is the value of -8 + -3 + 3 + 0 + 3?
-5
Calculate 23 + -12 - 15 - (-1 - -1).
-4
What is -5 + 5 + (0 - 3 - 2)?
-5
What is (1 + -2 - 3) + 5 + -4?
-3
What is 1 + (11 - 4 - 6)?
2
-9 - -3 - (-1 + -2 + 1)
-4
Evaluate -16 + 10 + 13 + -3.
4
Calculate 21 + -15 + 5 + -4 - -1.
8
Evaluate (-2 - (-9 - -4)) + -7.
-4
Calculate -13 + -5 + 22 + -6.
-2
Evaluate (14 - 4) + -11 + 9.
8
What is -7 + -6 + 16 + (0 - -2)?
5
Calculate 2 - (0 + 8 - 7) - 7.
-6
What is (2 - (1 + 2)) + 1 + 3?
3
Evaluate 1 + -9 + (32 - 26).
-2
-2 + (2 - 2) + (7 - 1)
4
Evaluate 1 + -5 + (-3 - 0) + 7.
0
Calculate (-1 - (2 + -2)) + 3.
2
What is (1 - 5) + (-7 - (2 - 6))?
-7
-1 - (-1 + (1 - (-4 + 3)))
-2
What is -5 + -3 + 1 + (12 - 11)?
-6
Evaluate 6 + (-15 - (4 - 11)) - -3.
1
What is the value of 29 + -33 + 0 + 0?
-4
What is the value of (3 - 0) + 2 + (-4 - -3)?
4
0 + -1 + (3 + -3 - -2)
1
Evaluate -2 + 2 + (-3 - (-6 + -1)).
4
Evaluate -1 - ((0 - 14) + 5 + 4).
4
What is the value of 6 + (0 - 3) + -6 + 6?
3
What is -12 - (-5 - (4 + -1))?
-4
Evaluate 1 + 10 + (-10 - -8) - 5.
4
Calculate (-8 - -3) + 9 + -16 + 11.
-1
(-5 - 0 - -7) + -6
-4
Calculate -1 - (-7 + 6 + 9).
-9
What is 1 - (0 + 0) - (33 - 28)?
-4
What is the value of -8 + 2 - (-9 - -4)?
-1
1 - (10 + -5 + -3 + 2)
-3
(-1 - (0 + -1)) + 4
4
Evaluate 2 + -2 + -4 - (15 + -14).
-5
3 - -3 - (3 + 9)
-6
Calculate (-4 - -6) + -2 - -1.
1
-6 + (0 - (-5 + 2))
-3
1 + 0 - (-7 + 11)
-3
Evaluate -5 + -4 + 4 + -1 + 2.
-4
2 - (-3 + 1 + 0 + -3)
7
Evaluate (4 - (6 + -5)) + -2.
1
Calculate -5 + (3 - (2 + 9 + -6)).
-7
(62 - 58) + (2 - 15)
-9
What is the value of 10 - ((-2 - 4) + 6 + 3)?
7
Calculate (-2 - -3) + 0 + -2.
-1
What is 7 + 7 + -3 + -4?
7
Calculate -4 + (-4 + -2 - -13).
3
What is the value of 13 + -24 + -1 - -6?
-6
Calculate 5 - 12 - (-13 + 1).
5
5 - (-4 + 17) - -3
-5
9 + -10 + (-2 - 1 - 0)
-4
What is the value of 5 - 10 - -2 - (-1 + 1)?
-3
10 - (1 + (4 - -3))
2
(1 - 2) + -5 + 1 + 5
0
What is the value of -7 + 9 + -7 - -11?
6
-1 + (-1 - 0 - (4 - 3))
-3
What is -8 + (3 + -1 - -2)?
-4
Evaluate -2 - 1 - -4 - -4.
5
What is the value of (-3 - -4) + -2 - 3?
-4
Calculate 0 - (-25 - -5 - -11).
9
What is -3 - -7 - 3 - -4?
5
What is the value of -7 - 0 - (18 - (40 + -13))?
2
Calculate 1 + -1 + 9 + -4.
5
(-15 - -21 - 11) + -1 + -1
-7
20 + -26 + (6 - 0) - -4
4
6 + -1 + -9 + -6 - -6
-4
What is the value of 2 - (4 - 2 - 6)?
6
Calculate -8 + (3 - -6 - (-31 + 26)).
6
Evaluate (4 - 3 - 5) + -2 + 2.
-4
What is 0 + (5 - (-2 - (-1 - 1)))?
5
What is the value of 2 + 5 + -2 + -4?
1
Calculate (-15 - (1 - 8)) + 3.
-5
Calculate 4 - (14 - (7 - 2)).
-5
(3 - -1 - 1) + 0
3
Evaluate 0 - (8 - 2) - -12.
6
What is -5 + -1 + 5 + (-3 - -1)?
-3
Evaluate -5 - (-8 + 4) - 8.
-9
Calculate (-7 - 2) + 39 + -30.
0
What is -3 + (-8 + 10 - (-5 - -2))?
2
Calculate 0 + -5 + -2 + 2 + 7.
2
Evaluate -1 + 3 + -7 + 0.
-5
Calculate 3 + (-15 - -5 - -10).
3
Evaluate 92 - 91 - (1 - 2 - -1).
1
(7 - 7) + -4 + 8
4
What is (1 + 0 - -3) + (4 - 4)?
4
What is the value of 0 + 5 + -2 + -4 - -5?
4
6 - (-9 + 2 + 14)
-1
What is the value of 1 - (26 + -25 + 6 + 0)?
-6
What is the value of 5 - (2 - (-2 - 8 - 0))?
-7
Calculate -5 - (-1 - (1 - 5 - -2)).
-6
Calculate (8 - 11 - -8) + (-8 - -1).
-2
-4 - (-8 - -9 - 15)
10
What is the value of -6 + (-2 - -1 - (-1 + -2))?
-4
What is (-3 - 2) + 5 + 0?
0
Calculate -1 + 2 + -5 + 15 + -7.
4
What is the value of 2 - -2 - (4 - 6 - -1)?
5
Calculate 7 + -5 - 5 - (0 - -2).
-5
8 - ((-2 - -6) + (-12 - -12))
4
Calculate (-1 + 1 + -2 - 1) + 5.
2
What is the value of 5 - (-3 + 4 + -2)?
6
-7 - (-2 + (-6 - -3))
-2
Evaluate 4 + (-3 - -2) - (-2 - -4).
1
What is (-12 - (-1 - 2)) + 5?
-4
Calculate (-8 - (-5 - -2)) + 5.
0
0 - (1 - (-3 - -3))
-1
What is the value of 5 - (0 + (1 - -1))?
3
Calculate (-1 - 2 - (-4 - -1)) + 4.
4
Evaluate 1 + -6 + -18 + 17.
-6
What is the value of -1 + -3 - (-11 - -7)?
0
What is the value of 2 + (-3 - 3 - (0 + -6))?
2
What is the value of (4 - (3 + 15 + -4)) + 8?
-2
Evaluate -2 - (3 + 1 + -2).
-4
What is the value of 4 + (-2 - 2 - -5) + -3?
2
What is the value of (-6 - -4) + 3 - (1 + 0)?
0
What is (-2 - (-4 + 4)) + (-5 - -12)?
5
Calculate 5 + -9 + 3 + (-3 - -8).
4
Evaluate (1 - (-1 - -2 - 1)) + -2.
-1
What is the value of 7 - 21 - -18 - (1 + 9)?
-6
Evaluate 11 - 18 - -14 - 6.
1
(-10 - (-5 - 0)) + 1
-4
Evaluate 5 - 11 - (-2 + -3).
-1
Evaluate -5 - (-3 - -1 - (-20 + 19)).
-4
What is the value of -6 - (8 + -20 + 9)?
-3
Calculate (-11 - -6 - -15) + -11.
-1
What is 5 + (-7 - -3 - 3) - -4?
2
What is the value of 5 + (-5 - (5 + -6)) + 0?
1
Calculate -20 - -16 - (-3 - 1).
0
4 - ((7 - 3) + -5)
5
Evaluate 5 + -5